1/2) - 6. What is q(w)?
-4
Let i(k) = 7*k - 12. Let t(f) = f - 1. Let c(b) = i(b) - 5*t(b). What is c(5)?
3
Let b(v) = -2 + 4 + 2*v**2 + 1 - 2 + 8*v**3 - 2*v. Calculate b(1).
9
Let q(r) be the first derivative of r**2/2 + 2*r + 14. Give q(4).
6
Let i(l) be the first derivative of -1 + l + 1/2*l**2. What is i(-2)?
-1
Let y(g) = -g**2 - 2*g. Let o = 18 - 22. Calculate y(o).
-8
Let f be 1/1 - 3*1. Let c be 2/(-4)*(-7 - -1). Let q(r) = 4*r**c - 4*r**2 - 2*r**3 + 5*r**2 - 3*r - 1. Give q(f).
-7
Let a be ((-4)/(-3))/(10/15). Suppose -a*h + 4 = -0*h. Let n(f) = -f**2 + 2*f**2 + f - 3*f**h. What is n(-1)?
-3
Let f(j) = -j**3 - 6*j**2 - j + 4. Let y(p) = -7*p**2 + p + 2. Let b be ((-2)/4)/((-1)/(-2)). Let t be y(b). Give f(t).
10
Let x be (-2)/((-2)/3) - (0 + 6). Let p(k) = k**3 + 3*k**2 - k + 4. What is p(x)?
7
Let s(v) = 3 + 3*v**2 - 4*v**2 + 1 + 3*v - 7*v. Let l = -12 + 7. Determine s(l).
-1
Let x(v) = v**2 + 10*v - 1. Let n(q) = -7*q**2 + 3*q + 2. Let d be n(-1). Calculate x(d).
-17
Let y(c) be the first derivative of c**3/3 - c**2/2 + 14*c + 13. Determine y(0).
14
Let s be (-9)/15 + 3 + 9/15. Let u(b) = b**3 - 4*b**2 + 4*b - 4. What is u(s)?
-1
Let u(t) be the first derivative of t**2/2 + 4*t - 11. Give u(5).
9
Let j(n) be the third derivative of n**5/60 - n**4/3 + 7*n**3/6 + 5*n**2. What is j(7)?
0
Let l(m) = m + 3. Suppose -14 = -3*n + y + 3*y, -22 = -4*n + 2*y. Let o be (-2)/6 + (-73)/(-3). Suppose -5*d = 3*p - 10, n = -4*p + 2*d - o. Calculate l(p).
-2
Let u(q) be the third derivative of -q**4/12 - 2*q**3/3 + 3*q**2. Suppose 2*y + 3*m = -0*y + 6, -2 = -2*y - 2*m. Determine u(y).
2
Let k(d) = 0 - 309*d + 308*d - 3. Calculate k(-3).
0
Let t be (-1)/(-2) - 49/(-14). Let u(n) = -t*n - 5*n + 3*n + 0*n. Let o = -1 - 0. Determine u(o).
6
Let r(a) be the third derivative of a**6/120 + a**5/10 + 7*a**4/24 + a**3 - 28*a**2. Suppose 5*n + 5 = 3*d, -21 = 4*n - d + 2*d. Give r(n).
10
Suppose -3*x - 4*m = 2*x - 18, -2 = 3*x - 4*m. Let s(y) = y**3 - 5*y**2 + 2. What is s(x)?
-10
Let r(v) = 3*v**3 + 9*v**2 - 4. Let w(c) = -1 + c**3 + 23*c**2 - 22*c**2 - c + 2*c. Let o(s) = r(s) - 4*w(s). Calculate o(3).
6
Let b(r) = r**2 + 4*r + 4. Let u(j) = j + 1. Let i be u(-4). Let c be b(i). Let q(g) be the second derivative of 5*g**4/6 + 2*g. Calculate q(c).
10
Let q(l) = -2*l**3 - 3*l**2 - l + 2. Let z be -2 - 0*(-4)/(-12). What is q(z)?
8
Let s(u) = -u - 4. Suppose -3*i = -7*i + 16. Let g(b) = b**2 - 6*b + 5. Let w be g(i). Calculate s(w).
-1
Let v(f) be the first derivative of 3*f**2/2 - 2*f + 4. Give v(6).
16
Let v be (-119)/(-35) + (-4)/10. Let r(g) = 1. Let b(q) = q**2 - 4*q - 4. Let c(n) = -b(n) - 4*r(n). Give c(v).
3
Let d = 3 + 2. Suppose 2*n = d + 9. Let g(u) = 3*u**3 - 4*u**3 - n + 2*u - 3*u. What is g(0)?
-7
Let h(i) = i**3 - 3*i**2 - 5*i - 2. Suppose -6*w = -w. Suppose -3*g + 3 + 9 = w. What is h(g)?
-6
Let c(a) = -a + 8. Suppose k - 1 + 5 = 3*s, 2*s = 5*k + 7. Let m(g) = 1. Let r(v) = s*c(v) + 4*m(v). Determine r(6).
6
Let b(w) be the third derivative of -w**4/6 + w**3/6 - 3*w**2. Determine b(4).
-15
Let r(w) = w**3 - 5*w**2 + 4*w - 3. Let g(a) = a**3 - 17*a**2 - a + 21. Let d be g(17). Calculate r(d).
-3
Suppose 6*u = -0*u. Let p(n) = 3 + n**2 - n + n**3 + 0*n**2 + 2*n. What is p(u)?
3
Let m(u) = u - 11. Let p be 3 + -3 + (-1 + -2 - -13). Determine m(p).
-1
Let w(f) = f + 4. Let o be (1 + -2)*(-9)/21*-7. What is w(o)?
1
Suppose 2*m = 0, q = -0*m + 2*m. Let b(r) = r + 18. Determine b(q).
18
Let n(x) be the second derivative of x**5/20 + x**4/3 + 2*x**3/3 + 2*x**2 - 2*x. Suppose 4 = 5*q - 6*q. Determine n(q).
-12
Let w(l) be the first derivative of -3*l**2 + l - 11. Let u = 0 + -2. Determine w(u).
13
Let h be (4 - 3)/(2/8). Let a(o) = 4*o - 5*o + 3*o - h + 3*o + o**2. What is a(-4)?
-8
Let c(d) = 15*d**2 + 8 - 20 - 14*d**2. Let j = -3 - -3. Suppose j*a = 3*a. Calculate c(a).
-12
Let m(c) = -3*c. Let z(k) = -2*k. Let n(f) = 3*m(f) - 4*z(f). Let i be n(4). Let l(s) = -2*s**2 - 4*s + 4. What is l(i)?
-12
Let g = 6 + -8. Let c be g/(2 + (-12)/9). Let d be 0*(-1)/c + -5. Let a(k) = -k - 11. Calculate a(d).
-6
Let q(v) = -3*v - 6. Suppose -o - 30 = 4*o. Calculate q(o).
12
Let f(v) be the third derivative of -v**5/60 + v**4/4 - v**3/6 - 15*v**2. What is f(4)?
7
Let p(m) = -13*m + 21*m - 1 - 9*m - 4. Determine p(5).
-10
Let j(k) = -k**3 - 5*k**2 - 7*k - 5. Suppose -7 = 5*a + 13. Determine j(a).
7
Suppose -v - d - 5 = -2*v, 0 = -5*v + 2*d + 13. Let n(a) = a**2 + 7*a - 8. Let l(y) = -y**2 + 1. Let w(t) = v*n(t) + 2*l(t). Calculate w(5).
4
Let g(k) = k - 2. Let t(o) = o - 1. Let y(m) = -2*g(m) + 5*t(m). Let s = 27 - 26. Give y(s).
2
Let m(a) = -5 + a**3 + 3 - 23*a + 1 + 24*a. Determine m(1).
1
Suppose -3*k + 2*d = -22, d + 3*d = -8. Let o(w) be the first derivative of w**2 - 9*w + 4. Give o(k).
3
Let u(b) be the second derivative of -b**4/12 + b**3 - 7*b**2/2 - 2*b. What is u(5)?
-2
Suppose -f = 1 - 3. Suppose -4*v + 4*w + 2 = -6, 4*v - f*w = 0. Let z(o) = o**2 + o + 2. Give z(v).
4
Let c(t) = 15*t - 3. Let y = -41 - -43. Calculate c(y).
27
Let u = 23 - 21. Let q(j) = -2*j**3 + j**2 + 2*j - 2. Give q(u).
-10
Let l(j) = 5*j**2 + 6*j**2 - 3 - 6*j - 10*j**2 - 2. Determine l(6).
-5
Suppose 0 = 33*t - 31*t + 4. Let k(j) = 6*j + 3. Give k(t).
-9
Suppose -t = -4*t - 12. Let k(i) = -2*i + 2. Let s(f) = f. Let h(l) = -k(l) - 3*s(l). Let m(o) = o + 2. Let b(a) = 5*h(a) + 4*m(a). Give b(t).
2
Let c(l) = -l. Suppose -3*q - 2*q = -20. Let n(i) = i - 1. Let w(x) = q*n(x) + 5*c(x). Let u(t) = -t**3 - 2*t**2 + 3*t. Let a be u(-3). Calculate w(a).
-4
Let y(j) = -2*j + 5. Let m(t) = -2*t + 5. Let s(o) = -2*m(o) + 3*y(o). Let v(z) = -z - 1. Let b be v(-6). What is s(b)?
-5
Let z be (-2 + -8)/(3 + -5). Let l(n) = -3*n + 7. Let a(k) be the second derivative of k**3/6 - 3*k**2/2 - k. Let u(o) = z*a(o) + 2*l(o). Determine u(0).
-1
Let z(v) = -v - 14. Let j be z(-12). Let c(p) = 3*p + 3. What is c(j)?
-3
Let v(a) = 3*a. Let f(m) = 3*m - 1. Let y be ((-3)/4)/(1/4). Let x(n) = y*v(n) + 4*f(n). Let z be 1 - (-2 + -1)*1. What is x(z)?
8
Let o(h) = h**3 + h**2 - 3*h + 4. Let c be o(-3). Let t(p) = p**2 + 4*p - 4. Give t(c).
1
Let p(d) = -d**3 + 5*d**2 - 7*d + 7. Suppose 3*j - j = 10. Let b(g) = g**3 - 5*g**2 + 6*g - 6. Let q(x) = j*b(x) + 4*p(x). Let v = -7 + 12. Give q(v).
8
Let s(a) = a**3 - 5*a**2 - 6*a + 5. Suppose 0 = -5*r + 2*t - 0*t + 28, 5*r + t - 31 = 0. Suppose r*o = 3*o + 18. What is s(o)?
5
Suppose n + 3 = -2*n. Let v(y) = y**2 - 12 - 6*y**2 + 11. Calculate v(n).
-6
Let v be 3 + (3/(-2))/(-3)*-6. Let k(h) = h**2 + 15. Calculate k(v).
15
Let t(l) be the third derivative of -l**4/24 + l**3/2 + 2*l**2. Let j(r) = 5*r**3 - r**2 + r - 1. Let y be j(1). What is t(y)?
-1
Let m(y) = -y**2 + y**2 - y**2 + 5*y**2. Calculate m(2).
16
Let q be 22/12 + 2/12. Let l(i) = i**2 - q*i**2 - 4*i - 6 - i. Calculate l(-5).
-6
Let a(h) be the third derivative of h**6/120 - h**5/15 + 5*h**4/24 - h**3/3 - h**2. Suppose -5*n = b, 2*b - 18 = n - 5*n. Suppose 0*d = 5*d - b. Determine a(d).
4
Let x(c) = -c + 7. Let k(g) = -g. Let n(w) = -2*k(w) - x(w). Calculate n(5).
8
Let b = 0 - -2. Let q(y) = 6*y - b*y + 3*y. Suppose 3*x - 3 = 2*i, -i + 4*i = 0. Calculate q(x).
7
Let s(l) = -5*l**3 + 4*l**2 - 5*l - 4. Let c(j) = -6*j**3 + 4*j**2 - 5*j - 4. Let m(h) = -6*c(h) + 7*s(h). Give m(-5).
-4
Let h(k) be the third derivative of k**5/120 + k**4/4 - 7*k**3/6 + 10*k**2. Let c(f) be the first derivative of h(f). Calculate c(0).
6
Let h(c) = c**2 + c + 2. Suppose -125 = 4*i + i. Let p be 20/i*(-15)/2. Suppose w = p*x - x + 27, -w = -4*x - 22. Determine h(w).
8
Let b(u) = -4*u - 3. Let q(y) = y**2 - 9*y - 7. Let o(h) = 7*b(h) - 3*q(h). Give o(-1).
-2
Let y be 3*3/9*0. Let j be (2 + 8)/(-1 - -2). Suppose -p - p + j = y. Let h(q) = q**2 - 2*q - 6. Give h(p).
9
Let h(g) be the first derivative of -1/2*g**2 - 1 + 5*g. What is h(3)?
2
Let l = 33 + -37. Let n(w) be the first derivative of w**3/3 + 2*w**2 - 4*w - 2. What is n(l)?
-4
Let a(n) = 5*n**3 - 10*n**2 - n + 6. Let t(g) = -11*g**3 + 21*g**2 + 2*g - 13. Let y(o) = -13*a(o) - 6*t(o). Give y(-3).
6
Suppose 3*z = -0*z + 15. Suppose 2*c - c = -3*w + 36, -z*w - 3*c + 60 = 0. Let n(x) = -4*x + w + 2*x + x. What is n(5)?
7
Let h(q) be the second derivative of -q**4/12 - 5*q**3